In base 13, what is -216 + -2?
-218
In base 9, what is -5 - 0?
-5
In base 6, what is -15 - -14?
-1
In base 10, what is 28 + 11?
39
In base 3, what is 11 - -1010?
1021
In base 13, what is -26 - 3?
-29
In base 6, what is 4 + 45242?
45250
In base 5, what is -3 - -320?
312
In base 5, what is -22023 - 10?
-22033
In base 6, what is -5 + -152?
-201
In base 15, what is -32e + -c?
-33b
In base 16, what is -42 + 0?
-42
In base 9, what is -1 + -1448?
-1450
In base 5, what is -4 - -234?
230
In base 15, what is -5 + 3b?
36
In base 8, what is -33 - 550?
-603
In base 13, what is -1c - -302?
2b3
In base 13, what is 51 + 5?
56
In base 11, what is -1 + 531?
530
In base 7, what is 34 + -42?
-5
In base 12, what is 138 - -4?
140
In base 14, what is -2c - 7?
-35
In base 13, what is -2 + -22?
-24
In base 8, what is -12177 + 4?
-12173
In base 6, what is 12 - -111?
123
In base 6, what is 12110 + -4?
12102
In base 6, what is 5 - 21412?
-21403
In base 9, what is 1 + 38?
40
In base 13, what is -1 - -47?
46
In base 14, what is 4 - -b57?
b5b
In base 9, what is 30 - 25?
4
In base 11, what is 5 + 39a?
3a4
In base 8, what is -1260 + -5?
-1265
In base 14, what is -5 - b5?
-ba
In base 11, what is 981 + 1?
982
In base 12, what is 12b - -1?
130
In base 16, what is -42 + 2?
-40
In base 10, what is -1 + -27?
-28
In base 6, what is -105 + 20?
-45
In base 12, what is 2 + -129?
-127
In base 7, what is -34 - 34?
-101
In base 12, what is -1a9 + 9?
-1a0
In base 4, what is 11 - -1023?
1100
In base 14, what is -31 - -28?
-7
In base 6, what is 1 - 54252?
-54251
In base 9, what is 6 - -15?
22
In base 7, what is 1100 + -4?
1063
In base 2, what is 1010011010 - 11?
1010010111
In base 16, what is -db1a - 5?
-db1f
In base 12, what is -b442 + -5?
-b447
In base 2, what is -10100 + -1111110?
-10010010
In base 8, what is -4 - -633?
627
In base 11, what is 3 - -161?
164
In base 6, what is 42 - 4?
34
In base 4, what is -11 + 12?
1
In base 13, what is 2 - 626?
-624
In base 10, what is 7 - 56?
-49
In base 16, what is 1cd + 8?
1d5
In base 12, what is 0 - 70?
-70
In base 5, what is -431331 - -3?
-431323
In base 7, what is -10 - -13?
3
In base 3, what is -222210022 - 1?
-222210100
In base 10, what is 0 + -817?
-817
In base 7, what is -11 + -166?
-210
In base 2, what is -1111010 + 101001?
-1010001
In base 13, what is -19 + -1?
-1a
In base 12, what is 305 - 3?
302
In base 6, what is 3 + 513?
520
In base 7, what is -105313 + -4?
-105320
In base 14, what is 0 - -b9?
b9
In base 11, what is 2 + -4?
-2
In base 15, what is -a - 4?
-e
In base 4, what is 1202 + -10?
1132
In base 6, what is 5 - -11231?
11240
In base 11, what is 0 - 21?
-21
In base 8, what is -1222 + 25?
-1175
In base 11, what is -39 - -8?
-31
In base 5, what is -10 + -1003?
-1013
In base 15, what is 41d - 4?
419
In base 6, what is -4 + 11420?
11412
In base 15, what is -8 - 4?
-c
In base 2, what is 11011 + 10111101?
11011000
In base 6, what is -10 + 135?
125
In base 4, what is -132 - 1133?
-1331
In base 8, what is 5 + 150?
155
In base 7, what is -163 + 1?
-162
In base 7, what is 3213 - 12?
3201
In base 15, what is -6 + -12cc?
-12d3
In base 15, what is 4 - -232?
236
In base 14, what is -1 + -152?
-153
In base 3, what is -11 - -122001?
121220
In base 9, what is -6 - 24?
-31
In base 11, what is -31 + 7?
-25
In base 15, what is -c35 + -5?
-c3a
In base 14, what is -85c - 5?
-863
In base 16, what is 12 - -27?
39
In base 15, what is -4 - 2649?
-264d
In base 6, what is -2 + -21?
-23
In base 6, what is 5 + 215?
224
In base 5, what is 1 - 2?
-1
In base 13, what is -198 + -17?
-1b2
In base 8, what is -6 - -11?
3
In base 9, what is 3 + -1345?
-1342
In base 5, what is 1 - 102?
-101
In base 15, what is -50 - 28?
-78
In base 6, what is -1 + -222?
-223
In base 15, what is -71 - 2?
-73
In base 9, what is -263 + -1?
-264
In base 8, what is 4410 - 5?
4403
In base 16, what is -3 + 2f?
2c
In base 6, what is -21 - 25?
-50
In base 12, what is -5 - -447?
442
In base 9, what is 857 + -5?
852
In base 4, what is -111 - -10?
-101
In base 12, what is -a - 0?
-a
In base 13, what is 17 - 2?
15
In base 3, what is 11 - 201?
-120
In base 16, what is -216 - 4?
-21a
In base 2, what is 111 + -101?
10
In base 2, what is 100100 + 1100?
110000
In base 12, what is -1675 + 2?
-1673
In base 7, what is -6 - 54?
-63
In base 5, what is -40 - -223?
133
In base 7, what is -24 - -232?
205
In base 3, what is -1 - 2210?
-2211
In base 16, what is -118 - 4?
-11c
In base 12, what is 2227 - 1?
2226
In base 2, what is 110 + -11?
11
In base 4, what is -1211 + -2?
-1213
In base 8, what is -3 + 13?
10
In base 13, what is 6a - 68?
2
In base 15, what is -4c + -5?
-52
In base 13, what is -3489 - -1?
-3488
In base 2, what is 100 - -11010110?
11011010
In base 14, what is -43b + 4?
-437
In base 15, what is 1a + 1d?
38
In base 10, what is -1113 - -1?
-1112
In base 7, what is 2 - 10?
-5
In base 11, what is 189 + -1?
188
In base 13, what is 4 + -65?
-61
In base 3, what is 20111020 - -2?
20111022
In base 4, what is -321 + -2?
-323
In base 16, what is -f27 - -3?
-f24
In base 15, what is -2 + -4b9?
-4bb
In base 7, what is 5 + -205?
-200
In base 15, what is d0b + -a?
d01
In base 16, what is 13c8 - -3?
13cb
In base 11, what is -10 + 25?
15
In base 3, what is -11 + -1102?
-1120
In base 5, what is -124 - 100?
-224
In base 4, what is 3 - -3331?
10000
In base 11, what is -269 - -5?
-264
In base 11, what is 143 + 2?
145
In base 2, what is -1001 - -100001?
11000
In base 10, what is 1154 + 6?
1160
In base 16, what is 3 + -1cb?
-1c8
In base 13, what is 105 + -4?
101
In base 7, what is -22431 - 4?
-22435
In base 12, what is -1a91 + 4?
-1a89
In base 16, what is -17 + 4?
-13
In base 4, what is 13 - -11010?
11023
In base 15, what is 66 + 3?
69
In base 6, what is 23 - 445?
-422
In base 5, what is -31 + 21?
-10
In base 5, what is -24424 + 13?
-24411
In base 5, what is 10044 - 10?
10034
In base 8, what is 1 + 1263?
1264
In base 11, what is 2 + 7a?
81
In base 7, what is -30556 + -1?
-30560
In base 9, what is 1 + 171?
172
In base 7, what is 1024 - 1?
1023
In base 4, what is -33111 + 2?
-33103
In base 7, what is -122 - -4?
-115
In base 10, what is -73 + -32?
-105
In base 13, what is -4c - 5?
-54
In base 16, what is 66 - 8?
5e
In base 15, what is 4 - -128?
12c
In base 8, what is 12 + -57?
-45
In base 6, what is 13 - -4?
21
In base 14, what is 72 - -15?
87
In base 11, what is -2 + -499?
-4a0
In base 2, what is -1100100 + 11?
-1100001
In base 16, what is 5 - -8f?
94
In base 10, what is 21 + -61?
-40
In base 11, what is 5 + 33a?
344
In base 15, what is 146 - -4?
14a
In base 16, what is 1c - -23?
3f
In base 5, what is 3202 - 13?
3134
In base 9, what is 3 + 58?
62
In base 12, what is 5 - -34?
39
In base 4, what is 111 + -130?
-13
In base 10, what is 1149 - 0?
1149
In base 4, what is 211 - 3?
202
In base 15, what is -d - 33?
-41
In base 16, what is ff - 8?
f7
In base 2, what is 10101 + 101010011?
101101000
In base 9, what is 52 - -5?
57
In base 7, what is 5420 + 0?
5420
In base 9, what is -7 - 44?
-52
In base 10, what is 104 - -10?
114
In base 5, what is 24024 + -4?
24020
In base 15, what is 1047 + 0?
1047
In base 6, what is -2535 - -25?
-2510
In base 14, what is 16 + 3c4?
3da
In base 15, what is -16 + -24a?
-261
In base 15, what is -1 + -1c7?
-1c8
In base 16, what is -4 + -c57?
-c5b
In base 12, what is 5 - 1027?
-1022
In base 9, what is -14 + 340?
325
In base 13, what is 78 + -8?
70
In base 8, what is -5 - 1005?
-1012
In base 2, what is 1011 + -10001?
-110
In base 9, what is -1 + 270?
268
In base 2, what is -110011100 - 0?
-110011100
In base 7, what is -4 - 62?
-66
In base 7, what is 1 + -3062?
-3061
In base 3, what is 10 + 12002?
12012
In base 2, what is 101010110 + 10?
101011000
In base 16, what is -d - b3?
-c0
In base 15, what is 53b - 8?
533
In base 5, what is -10 + -2330?
-2340
In base 6, what is -12333 + 5?
-12324
In base 9, what is -5 - 78?
-84
In base 14, what is -1 - -110?
10d
In base 4, what is 0 + -3?
-3
In base 13, what is 4 - 22?
-1b
In base 6, what is -5 - -234?
225
In base 7, what is -14 - -2136?
2122
In base 7, what is -14253 + -3?
-14256
In base 13, what is 4 + -887?
-883
In base 3, what is 10110110 + -11?
10110022
In base 6, what is 211110 - 5?
211101
In base 8, what is 1 - -10?
11
In base 12, what is 0 + 1a2?
1a2
In base 5,